 x**3 - 11*x**2 - x + 13. What is the units digit of l(11)?
2
Let j = -1 + 3. Suppose j*q + 3 = 25. What is the tens digit of q?
1
Let m(c) = -2 - 5*c + 7 - 2. Let f be m(-5). Suppose o + 3*o - f = 0. What is the units digit of o?
7
Suppose 4*y + 5 = -4*f - 3, -3*f - 9 = 4*y. Let j be f/1*-3*-1. Suppose j*m = 2*m + 8. What is the units digit of m?
8
Suppose 0 = -0*r + 3*r - 9. Suppose 30 = 6*b - r*b. Suppose 5*p + 0 = b. What is the units digit of p?
2
Let z(h) = -h**3 - 3*h - 2 + 1 + 4*h + 5*h**2. Let i be z(5). Suppose i*d + 1 = 5*d. What is the units digit of d?
1
Suppose 5*z + 12 = -4*i, 3*i + 2*z = -0 - 2. Suppose -i = -3*v + 34. What is the tens digit of v?
1
Let w = -1 + -1. Let o = w - -5. Suppose 4*a - 4*d - 12 = 0, -3*a + 7*a - o*d = 17. What is the units digit of a?
8
Suppose 4*b + 52 = 4*p, -3*p + 4 = -b - 37. What is the units digit of p?
4
Let n(h) = h**3 - 13*h**2 + 13*h - 9. What is the units digit of n(12)?
3
Let t(n) = 8*n + 15. What is the units digit of t(11)?
3
Let y = 2 - -8. What is the tens digit of y?
1
Let c(t) = t - 362. Let i be c(0). What is the units digit of (-12)/(-84) + i/(-14)?
6
What is the units digit of 28/10 + (-7)/(-35)?
3
Suppose 4*w - 38 = -126. Let z = w - -44. What is the units digit of z?
2
Suppose -3*p + 8*p = t + 12, 2*p - 4*t = -6. Suppose -p*a + 8 = -10. What is the units digit of (10/a)/((-3)/(-9))?
5
Suppose 105 = 3*c - 0*c. Suppose 5*h = c + 55. What is the units digit of h?
8
Let g = 66 - 34. Suppose -t - 3*t = -g. Suppose -4*s - 20 = -5*y - t, 5*y = s + 18. What is the units digit of y?
4
Suppose 6*k = 2*k + 4. Let q be (3 + -2)/(k/(-5)). Let y = q - -8. What is the units digit of y?
3
Let i be (0 + -2)*-2 + 0. Let z = i - 2. Suppose 0 = 5*y + 2*v - 3, z = 4*y - 0*v + 2*v. What is the units digit of y?
1
Suppose -8*t = -5*t - 507. What is the units digit of t?
9
What is the units digit of (-26)/(-3) + (-6)/(-18)?
9
Suppose y - 3*p + 6*p - 15 = 0, 0 = -y - 4*p + 19. Let x(n) = 2*n - 1. Let c(h) = -h. Let g(a) = -4*c(a) + x(a). What is the units digit of g(y)?
7
Let o be 3/((-4)/10 + 1). Suppose 0 = o*w - w - 48. What is the units digit of w?
2
Let y be 0/(-1) + (3 - -2). Let h = 6 + y. What is the units digit of h?
1
Suppose 2 = -4*c + 5*c. Let d be -1*(-6 + (0 - c)). Suppose 3*x = x + d. What is the units digit of x?
4
Suppose 3*s - 128 = -5*d, -90 = -2*s - 2*d + d. What is the units digit of s?
6
Let s(o) = -o**2 + 2*o - 2. Let p be s(2). Let c be 0 - -6*(-1)/p. Suppose c*i + 4*v = 4, -3*i + 13 = -3*v - 26. What is the units digit of i?
8
What is the units digit of 7/((-7)/4) + (85 - -1)?
2
Suppose 6*d + 80 = 8*d. Suppose -3*v = 0, -4*r - 3*v = r - d. What is the units digit of r?
8
Let d(i) = -6*i - 8. What is the tens digit of d(-6)?
2
Let v(z) = 6*z**2 + 21*z + 6. What is the tens digit of v(-6)?
9
Suppose -3*d = -x - 8, -x - 5*d = -4*d - 8. Suppose 0 = -x*q - 0*q + 12. What is the units digit of q?
3
Suppose -3*x + 218 = 89. What is the tens digit of x?
4
Let j(q) = q**3 - 6*q**2 - 7*q + 6. Suppose 2*t + 11 - 3 = 0. Let o = t - -11. What is the units digit of j(o)?
6
Let h = -3 - -17. What is the units digit of h?
4
Let s = 1 + 8. Let q(l) = 3*l + 4. Let r be q(3). Let t = r - s. What is the units digit of t?
4
Suppose 15 = 5*u - 3*s, -s = -3*u + 4*s + 9. Suppose -5*k + 3 = -2*d - 56, 74 = 5*k + u*d. What is the units digit of k?
3
Suppose 2*b = -2*b. Suppose 2*a + 2 = -b. What is the units digit of 9*(-1 + 2) - a?
0
Let q(s) = -3*s**2 - 16*s + s**3 - 3*s**2 - 15 + 5*s - 6*s**2. What is the units digit of q(13)?
1
Let w(u) = 21*u**2 - u. Let o = 2 - 3. What is the units digit of w(o)?
2
Suppose w = -0*w + r + 6, 5*w - 4*r - 29 = 0. Suppose 4*k = -3*g + 24, 5*k + 11 = 2*k + w*g. What is the units digit of (k/2 - 2)*-38?
9
Suppose 2*m + m - 3*a - 117 = 0, 0 = -m - 3*a + 35. What is the units digit of m?
8
Let v = 2 + 0. Suppose -f = v*f - 45. What is the units digit of f?
5
Suppose 6*g - 2*g - 116 = 0. What is the units digit of g?
9
Suppose 0 = -4*m + 42 + 46. Let n = -9 + m. What is the units digit of n?
3
Suppose -32 = 4*q + 5*x - 0, -4*x - 31 = 5*q. What is the tens digit of (-1)/q - (-96)/9?
1
Let d be 2 - -39 - (0 - -1). Suppose -5*b = -25 - d. Suppose 0 = -3*f + 2 + b. What is the units digit of f?
5
Suppose 2*t - 7*t + 105 = 0. Suppose -4*q + 29 = 4*i + 1, 0 = 4*i - 3*q - t. What is the units digit of i?
6
What is the tens digit of 54 - (-10)/(-20)*(3 + 1)?
5
Let r(u) = -u**2 - 8*u - 9. Let d be r(-7). Let y = d - -6. Suppose 0 = -2*m - 2*g + 48, 2*g - g = -y*m + 90. What is the units digit of m?
2
Let f(r) = 4*r**3 - r + 1. Let l be f(1). Suppose 0*v - l*v + 16 = 0. Suppose -a + v + 4 = 0. What is the units digit of a?
8
Suppose -4*i + 61 = 3*s, 3*s - 4*i - 55 - 22 = 0. What is the units digit of s?
3
What is the tens digit of 3 - ((-126)/10 - -1)*10?
1
Let h(u) = -u - 1. Let q be h(-7). Let i(b) = -4*b**2 - 6*b + 5. Let m(l) = 4*l**2 + 5*l - 4. Let t(x) = q*m(x) + 5*i(x). What is the units digit of t(-1)?
5
Let p = -13 + 16. What is the units digit of p?
3
Let f = -53 + 117. What is the units digit of (-6)/(-10) - f/(-10)?
7
Let t(j) = j**3 - 11*j**2 - 4*j - 17. What is the units digit of t(12)?
9
Let h be 2/7 + (-38)/(-14). Suppose 84 = 4*v - 3*r, -v - h*r + 7*r = -8. Suppose -3*b + 2*c + 3 = 0, -5*b - 4*c + v = -b. What is the units digit of b?
3
Let z = -18 - -23. What is the units digit of z?
5
Let r = -49 - -81. What is the units digit of r?
2
Let f(c) = -c**3 - 3*c**2 + 8*c + 7. What is the units digit of f(-5)?
7
What is the units digit of (1/(-3) - 0)/(20/(-4260))?
1
Suppose 3*s - 4*r + r + 12 = 0, 5*s - 3*r + 18 = 0. What is the units digit of 3 + (-3 - -9) + s?
6
Suppose 0 = 5*c - 4*c - 1. What is the units digit of c?
1
Suppose 5*l - 179 = -2*m + 38, 2*m = l + 211. What is the hundreds digit of m?
1
Let r(t) = -t - 5. Let n(a) = -a - 4. Let x(z) = -4*n(z) + 3*r(z). Let c(s) = -s - 6. Let v(h) = c(h) + 4*x(h). What is the tens digit of v(5)?
1
Let i(x) = 4*x**2 + 4*x + 2. Suppose -6 = 3*b - b. What is the tens digit of i(b)?
2
Suppose -69*c + 99 = -66*c. What is the units digit of c?
3
Suppose 4*y = -12, 3*y + 7 = 2*v - 262. What is the hundreds digit of v?
1
Let z be (-47)/(-7) + (-18)/(-63). Suppose z*d - 72 = 5*d. What is the tens digit of d?
3
Let u be (-42)/8 - 3/(-12). Let r = u - -6. Let n = r + 9. What is the units digit of n?
0
Let f = -1 + 25. What is the units digit of f/28*14/2?
6
Let u(v) = v**3 + 7*v**2 + 6*v + 5. Let q = -8 - -7. Let z be (2 + 1)*(q - 1). What is the units digit of u(z)?
5
Let m(z) = z - 11. Let x be m(9). Let g be (2 - (-2 - x)) + 1. Suppose -4 = -q + g. What is the units digit of q?
7
Suppose 0*w = 5*y - w - 194, 118 = 3*y - w. What is the tens digit of y?
3
What is the units digit of 5/10*(90 - 2)?
4
Suppose -3*v + 2 = -2*v. Let i(h) = h**3 - 3*h**2 + 4*h - 3. Let q be i(v). What is the units digit of (-1 - q) + 1*5?
3
Suppose c - 3 = 2*c. Let w(t) = -3*t - 2. What is the units digit of w(c)?
7
Suppose 5*g = 5, -2*b + 3*g + 384 = -37. What is the units digit of b?
2
Suppose 4 = f - 2*o, 0*f + 4 = -f - 2*o. What is the units digit of (f - (-5)/2)*2?
5
What is the tens digit of 4/(16/(-12)) - -66?
6
Let b = 17 - 12. Suppose 0 = -3*i + b*n + 134, 9 = 5*n - 1. What is the tens digit of i?
4
Let y(q) = -2*q**3 + q**2 + q + 4. Let a(g) = -4*g**3 + 2*g**2 + g + 7. Let b(p) = -3*a(p) + 5*y(p). What is the tens digit of b(2)?
1
Let f = -16 - -13. Let j = f - -9. What is the units digit of j?
6
Let o = 46 + -75. Let h = -15 - o. What is the units digit of h?
4
Let n(t) = t**3 + 2*t + 15. What is the units digit of n(0)?
5
Suppose 6*h - 281 = 25. What is the units digit of h?
1
Suppose 7*i + 1152 = 11*i. What is the hundreds digit of i?
2
Let c(j) be the first derivative of j**2/2 + 17*j - 4. Let l be (-2 - -2)/(0 + 1). What is the tens digit of c(l)?
1
Suppose 24 - 8 = 3*u - h, -5 = 5*h. What is the units digit of u?
5
Let d = 8 + -13. Let i = d - -8. Let q(s) = s**3 - 3*s**2 + 3*s - 3. What is the units digit of q(i)?
6
Suppose -3*k + 6 = -3. Let q be k + (1 - 1)/2. Let a(d) = d**3 - 2*d**2 - d - 2. What is the units digit of a(q)?
4
Let r(h) = 32*h**2 - 6*h - 21. What is the tens digit of r(-3)?
8
Suppose 3*x + 15 = 0, -5*k - 5*x - 20 = 